6). Suppose 0*f - 172 = -k*f. Calculate the remainder when f is divided by 11.
10
Let d = 93 + -34. Let i = 52 - 32. What is the remainder when d is divided by i?
19
Suppose -l + 5*a = -18, -3*a - 3 = -2*a. Let x = 37 + -25. Calculate the remainder when 104/3 - (-1)/l is divided by x.
11
Let a(d) = 18*d**2 + 2*d + 1. Suppose z + 13 = 3*y, 2*y - 3*y - 1 = 5*z. Calculate the remainder when a(z) is divided by (18/4)/(1/2).
8
Suppose -3*t + 24 = 2*y + t, -4*t + 28 = 4*y. Calculate the remainder when 14 is divided by y.
0
Let k(r) = 16*r - 5. Calculate the remainder when k(8) is divided by 31.
30
Let l = 22 - -44. Suppose 0 = -5*t - l + 266. Suppose -3*q = -5*q + t. What is the remainder when 58 is divided by q?
18
Let s be (-182)/10 + (-2)/(-10). Let w = s - -38. Calculate the remainder when 58 is divided by w.
18
Let n be (-272)/9 - (-2)/9. Let h = -12 - n. What is the remainder when 33 is divided by h?
15
Suppose -3*o - 4*s + 8 = 21, -4*o + 4*s = 36. Let v = o + 16. What is the remainder when v is divided by 3?
0
Suppose 5*c - 9 - 1 = 0. Suppose -c*n = -0*n. Let r(f) = f**3 - f**2 + f + 10. Calculate the remainder when r(n) is divided by 4.
2
Let x = 17 - 2. Calculate the remainder when x is divided by 8.
7
Let a = -9 + 17. What is the remainder when 31 is divided by a?
7
Let i(n) = 4*n**2 - 4*n + 3. Suppose -4*h + 44 = -36. What is the remainder when h is divided by i(2)?
9
Suppose 0 = -4*t + 6*t + 4. Calculate the remainder when (150 - 2)*(-1)/t is divided by 25.
24
Let u(r) be the second derivative of 4*r - 5*r**2 + 0 - 1/3*r**3. What is the remainder when 7 is divided by u(-7)?
3
Let j = -19 + 13. Let p = j - -21. What is the remainder when p is divided by 9?
6
Suppose -3*k + 2 + 1 = 0. Let r be 6 + k + -1*2. Suppose 5*b = r - 0. Calculate the remainder when 1 is divided by b.
0
Let x be (-3 - (-19)/7)*-7. Suppose 3*a - 85 = -x*a. Suppose q + 31 = 4*i - a, 5*q + 20 = 0. Calculate the remainder when 30 is divided by i.
8
Suppose -8*t = -154 + 50. What is the remainder when 61 is divided by t?
9
Let m be -1 + (3 - 2) - -3. Suppose 0*r + 36 = m*r. Calculate the remainder when (-2)/1 + 1 + 23 is divided by r.
10
Let t(c) = c**3 + 4*c**2 - 5*c - 10. What is the remainder when t(-4) is divided by 3?
1
Let l = -73 - -108. Let f = l + -1. Suppose 3*q = -5*j + 26, -6 = 4*q + 5*j - 44. What is the remainder when f is divided by q?
10
Suppose 3*d = -267 + 51. Calculate the remainder when d/60*65/(-2) is divided by 20.
19
Let y be (-3)/((15/(-4))/5). Calculate the remainder when 60/14 - y/14 is divided by 2.
0
Suppose -12 = -2*p + 74. Calculate the remainder when p is divided by 15.
13
Suppose -6*d + 196 = 8*d. What is the remainder when 291 is divided by d?
11
Let r = -10 - -16. Suppose -2*f + 9 = -7. What is the remainder when r is divided by 1/2*1*f?
2
Let b be 3 - (2 + -2 - -1). What is the remainder when b/(-1*(0 + -1)) is divided by 1?
0
Let t(p) = -p**2 - 6*p + 2. Suppose 0 = -5*d + 138 + 22. Calculate the remainder when d is divided by t(-5).
4
Let y(n) = -11*n + 2. Let r(h) = -11*h + 2. Let b(d) = -5*r(d) + 4*y(d). What is the remainder when b(2) is divided by 8?
4
Suppose -2*q + 2*y + 24 = 4, 5*y + 28 = 3*q. What is the remainder when 75 is divided by q?
9
Suppose -5 = q + 3. Calculate the remainder when ((-93)/(-4))/((-3)/q) is divided by 21.
20
Let r = 25 - 14. Calculate the remainder when r/((9/(-12))/(-3)) is divided by 12.
8
Suppose -10 = 6*a - 7*a. Let n(i) = -2*i**3 - 3*i**2 + 3*i + 1. Calculate the remainder when n(-3) is divided by a.
9
Suppose f = -2*f + 60. What is the remainder when (-1 - 3)*158/(-8) is divided by f?
19
Let c = 249 + -172. Calculate the remainder when c is divided by 20.
17
Let q(m) = -m + 1. Calculate the remainder when q(-2) is divided by 2.
1
Suppose -v + 23 = 5*x - 18, -1 = -x - 2*v. Let g = x - 3. Calculate the remainder when 16 is divided by g.
4
Suppose 2*o + 16 = 4*o. Calculate the remainder when 28 is divided by o.
4
Suppose -3*a - 5*h + 56 = -110, -5*a - 4*h + 294 = 0. Calculate the remainder when a is divided by 13.
10
Let i be (-32)/12*(-3)/2. Let h = 19 + i. Suppose -4*v + 5*v = h. What is the remainder when v is divided by 8?
7
What is the remainder when 26 is divided by (-3)/(-12)*(4 + 32)?
8
Let u(f) = -f**3 + 7*f**2 - f + 5 - f - 4 - 4*f. What is the remainder when u(6) is divided by 1?
0
Suppose 365 = 3*a - x, -2*a - x = 3*x - 248. Suppose 4*o = -10 + a. Calculate the remainder when 53 is divided by o.
25
Let j be -15*(21/(-9) - 0). Suppose -a + j = 4*a. Let l(b) = b**2 - 4*b + 3. Calculate the remainder when a is divided by l(4).
1
What is the remainder when 36 is divided by (-30)/(-75) + 63/5?
10
Suppose -16 = -4*l, 50 = -a + 3*a + 2*l. What is the remainder when a is divided by 5?
1
Suppose -5*x + 0 = 30. Let s = x - -16. What is the remainder when ((-232)/(-6))/(-4)*-3 is divided by s?
9
Suppose 3*i - 2 = 10. Suppose -g + 0*z + 9 = -z, 0 = 4*g + 4*z - 44. What is the remainder when g is divided by i?
2
Suppose 2 - 228 = -4*f + 5*z, -4*f + z = -218. Suppose -t + 3*t = -f. Let g = t - -41. What is the remainder when g is divided by 8?
6
Let v(r) = -r**3 + 12*r**2 + 14*r + 5. Calculate the remainder when 34 is divided by v(13).
16
Suppose 4*d = -2*i + 44, -4*i - 26 = -3*d - 2*i. Let y = -67 + 96. Calculate the remainder when y is divided by d.
9
Suppose 0 = -0*y - 5*y + 490. What is the remainder when y is divided by (-16 - -1)*(-10)/6?
23
Suppose -2*s + 178 - 32 = 0. Calculate the remainder when s is divided by 38.
35
Let w(p) = 2*p**3 + p**2 + p + 3. Let c be w(4). Suppose -c + 3 = -4*k. Let q(y) = -y + 13. What is the remainder when k is divided by q(0)?
11
Let g = 19 + -1. Calculate the remainder when g is divided by 12.
6
Let s(d) = -d - 14. Let x be s(0). Suppose -j + 33 = 2*j. Calculate the remainder when (-6)/1*x/4 is divided by j.
10
Suppose 5*f + p + 11 - 32 = 0, 3*p = f - 17. What is the remainder when 17 is divided by f?
2
Suppose -2*j - 4 = -j. Let x(h) = h**2 - 3*h - 6. Let a(n) = 4*n - 4. Calculate the remainder when x(j) is divided by a(4).
10
Calculate the remainder when (-780)/18*-3*1/1 is divided by 44.
42
Let r = -41 - -63. What is the remainder when r is divided by 8/(-3)*9/(-2)?
10
Suppose -2*l + 28 = -22. Suppose 4*s - 3*q - l = 0, 0 = -5*s + s - 2*q + 10. Calculate the remainder when 7 is divided by s.
3
Let c be 1/(4/60*3). Calculate the remainder when (14/(-8))/(c/(-120)) is divided by 15.
12
Suppose -5*u + 315 = 5*m, -3*u + u + 5*m = -154. Suppose 2*a + 2*a + 20 = 0, 0 = 2*r + 2*a - 18. Calculate the remainder when u is divided by r.
11
Let g be (-1)/(-3) + 91/(-39). Suppose 4*m - 2*a = -14, 5*m - 4*m = -3*a. What is the remainder when m/1*5*g is divided by 16?
14
Suppose -10*t = -8*t - 92. Calculate the remainder when t is divided by 12.
10
Let y = 4 - 4. Let z be -4*(y + -1 + 0). What is the remainder when z/6 - 58/(-3) is divided by 7?
6
Let n = 9 + -7. Suppose 0*d - 12 = -n*d. What is the remainder when 10 is divided by d?
4
Suppose 16 + 36 = 4*v. Calculate the remainder when v is divided by 7.
6
Let s(i) = -i + 34. Let b(p) = -3*p - 7. Let r(u) = -7*u - 15. Let m(w) = -5*b(w) + 2*r(w). Let k be m(-5). What is the remainder when s(k) is divided by 12?
10
Let h(t) = 41*t**2 - t. Let j be h(-1). Let i = j + -28. Calculate the remainder when 40 is divided by i.
12
Let m(v) be the third derivative of v**6/120 + v**5/20 + v**4/12 + v**3/2 - 3*v**2. Let l be m(3). Let a = l - 41. What is the remainder when a is divided by 6?
4
Suppose 2*g = -d + 5*d - 30, 12 = 2*d - 4*g. What is the remainder when 31 is divided by d?
7
Let j(t) = -t**3 - 10*t**2 + 4*t + 2. What is the remainder when j(-11) is divided by 20?
19
Suppose 205 = 4*z + 13. What is the remainder when z is divided by 10?
8
Let f(g) = -g**3 + 9*g**2 + 10*g + 4. Let j be f(10). Suppose 5*v = 2*p - 215, j*p = 3*v - 2*v + 421. What is the remainder when p is divided by 27?
24
Suppose 2*t = -5*d + 4*t + 70, -t = -5. What is the remainder when 125 is divided by d?
13
Let w = 85 - 70. What is the remainder when 48 is divided by w?
3
Calculate the remainder when -4 + (-2)/(-5 + 3) + 27 is divided by 9.
6
Let u = 26 + -44. Let g = -17 + u. Let i = g - -53. What is the remainder when i is divided by 5?
3
Suppose -6*x 